2 + -668)*25/7. Let h be (-1)/3 - 62/(-6). Calculate the greatest common divisor of h and g.
10
Let y = 1147 + -1073. What is the highest common divisor of 1295 and y?
37
Suppose 18*c + c = 7*c + 144. Let m be (-2)/13 - 3760/(-104). What is the highest common factor of c and m?
12
Let a = 69 + -30. Suppose -d = 233 - 240, 0 = 4*k + 5*d - 503. Calculate the highest common factor of a and k.
39
Let x = 2193 - 1959. What is the highest common factor of x and 2?
2
Suppose -244*f + 241*f = -v - 92, -168 = -5*f - 2*v. Suppose 5*n - 5*p - 1255 = 0, 5*p = 2*n + p - 492. Calculate the greatest common factor of f and n.
32
Suppose 2*f - 21 = -6*c + 3*c, 39 = 3*f + 2*c. Let m = 136 - 105. Suppose 0 = -3*g - d + m, -g - 5*d + 29 = -0*g. What is the highest common divisor of f and g?
3
Suppose 39*t + 8 = 47. Let m(r) = 51*r**2 + r. Let q be m(t). What is the highest common factor of 221 and q?
13
Suppose 18*n - 9161 = 9235. Calculate the highest common factor of 56 and n.
14
Let b = 25804 - 23955. Calculate the highest common factor of 301 and b.
43
Let s be 443 + 1 + -11 - (-10 + 3). Calculate the greatest common divisor of s and 200.
40
Let i(x) = x**3 + 22*x**2 + 19*x + 9. Let q be i(-9). Calculate the greatest common divisor of 781 and q.
11
Suppose 4*k + 2*v - 5688 = 0, 3*v - 2934 = -5*k + 4177. Suppose 0 = -2*j - 1387 + k. Calculate the greatest common divisor of j and 153.
17
Let a be (-2 - 91/(-52))/((-2)/2776). Suppose -1165 - a = -9*j. Calculate the greatest common factor of 120 and j.
24
Let u(y) = -y**3 + 2*y**2 + 6*y - 4. Let c be u(2). Let j be ((-300)/24)/((-10)/c). Calculate the greatest common divisor of 16 and j.
2
Suppose 0 = 11*d - 1091 + 981. Suppose 4*p = -p + d, -130 = -4*u - p. Calculate the highest common divisor of 128 and u.
32
Let m be (-4)/12 + 408/9. Let o(h) = -2*h**2 - 15*h + 45. Let g be o(-9). Calculate the greatest common divisor of g and m.
9
Suppose -2*b + 5*w - 15*w + 7350 = 0, 3*w + 18375 = 5*b. What is the greatest common divisor of 98 and b?
49
Suppose -1593*k + 757809 = 36*k + 22*k. Suppose -1 = -3*z + 101. What is the greatest common divisor of z and k?
17
Suppose -59*m + 10*m = -25*m - 1152. Calculate the highest common factor of m and 528.
48
Suppose 0 = v - 3165 - 7174. What is the greatest common divisor of 49 and v?
49
Suppose -479*l + 476*l + 12175 = -f, 3*f = 5*l - 20289. What is the greatest common divisor of l and 99?
99
Let h = 119 + -58. Let v = 66 - h. Let d be (1 + 14)*4/6. Calculate the greatest common factor of d and v.
5
Let u = 38 + -26. Suppose 0*n + 4*n + 20 = 2*v, 18 = v - 4*n. Suppose -4*c + i = -12 - 25, -2*i + 16 = v*c. Calculate the highest common divisor of c and u.
3
Let s = 0 - -14. Let n(l) = -l**2 + 45*l - 289. Let v be n(8). Suppose -33*g - v = -34*g. What is the highest common divisor of g and s?
7
Suppose -m + 400 = 4*j + 7*m, 4 = -m. What is the highest common divisor of j and 828?
36
Suppose 87 = 6*l + 15. Suppose l*c - 109 = 35. Calculate the highest common factor of c and 96.
12
Let y(q) = -11*q**2 + 96*q + 336. Let p be y(10). Calculate the greatest common factor of 5341 and p.
49
Suppose 4*c = 61 + 7. Let y(j) = 4*j + 50. Let v be y(-12). Suppose -4*o - 4*z = -66 - 554, 761 = 5*o - v*z. What is the highest common divisor of o and c?
17
Let k be (-153)/(-17) + (49 - 1). Suppose 283 = 10*f - k. What is the greatest common factor of f and 442?
34
Let s(y) = -2*y**2 + 97*y - 137. Let g be s(47). What is the greatest common divisor of g and 18?
2
Suppose -58*t - 320 = -63*t. Suppose 2*u - t = -2*a, -2*u + 3*a + 58 = -a. Let d be (-7 + -6 - -6)*-31. Calculate the highest common divisor of d and u.
31
Suppose -69*r = -66*r + 54. Let a be (-2710)/(-45) - (4/r)/(-1). What is the greatest common factor of a and 30?
30
Suppose 5*w = -3*i + 48, 94 = -2*i + 96. What is the greatest common factor of w and 3348?
9
Suppose -2*k + h + 272 = -3*h, 5*k + 5*h = 620. Suppose 12*y = -4*u + 14*y + 8, -u + 5*y = 16. What is the highest common factor of u and k?
4
Suppose -16 = 4*x - 6*x. Let w be (6/4)/(-2*(-27)/5364). Suppose -157*m + w*m + 16 = 0. What is the greatest common divisor of x and m?
2
Let q(x) = 8*x - 10. Let c be q(8). Suppose -2*k = 194*n - 192*n - 14, -n + 31 = 3*k. What is the greatest common divisor of c and k?
6
Let n(v) = -2*v + 30. Let d be n(4). Suppose 4*i + 10 = 4*a + 34, 4*i - d = 5*a. What is the greatest common divisor of 88 and i?
8
Suppose 175 = c + 4*x + 25, 5*c = -3*x + 665. What is the greatest common divisor of 25 and c?
5
Let u(x) = 73*x**2 + 2*x - 1. Let y be u(1). Suppose -121*h = -226459 + 127965. Calculate the highest common factor of h and y.
74
Suppose 0 = -55*t + 11764 + 2096. What is the greatest common factor of 273 and t?
21
Suppose -151*r + 124*r = -1809. What is the greatest common divisor of r and 13333?
67
Suppose -5*t = i - 22, -3*i - 85 + 111 = 5*t. Calculate the greatest common divisor of i and 355.
1
Let k = -233 - -233. Suppose k = -8*u + 248. Let t(w) = -w**3 + 14*w**2 - 9*w - 1. Let a be t(7). What is the greatest common divisor of a and u?
31
Let b be -2 + 27 + -2 + 1. Suppose -3*t - 15 = 0, t + 2 - 3 = 3*m. Let r be ((-2)/m)/(4/48). What is the highest common divisor of r and b?
12
Let z be ((-10)/4)/(6 + (-657)/108). Let h be z + -27 - 2/4*0. Calculate the highest common divisor of 150 and h.
3
Let j be 694/3 - (-2)/(-6). Suppose i - j = -2*i. Let a = 1 - -6. What is the greatest common divisor of a and i?
7
Suppose 3*b + 429 = 6*b. Suppose -x + 2*c = 7, 4*x - 4 = c + 3. Suppose -78 = -x*h - 3*h. What is the greatest common factor of b and h?
13
Let v be 25 + 15*4017/65. What is the greatest common factor of v and 184?
8
Suppose 42*l + 18247 + 5063 = 0. Let z = -324 - l. Calculate the greatest common factor of 99 and z.
33
Suppose 2*p = 6*p + 2*w - 210, -158 = -3*p - 2*w. Let s = -28 + p. Suppose 3157*x = 3180*x - 184. What is the highest common divisor of x and s?
8
Let s = 77 + 22. Suppose -4*f - 148 = 64. Let y = f - -64. What is the greatest common factor of y and s?
11
Suppose -3*s - 220*h + 1146 = -224*h, -s + 375 = h. What is the highest common divisor of 297 and s?
27
Let r be (-36)/(-12) - (0 + 0 + -282). Let i = -270 + r. Calculate the highest common factor of i and 315.
15
Let h be (-85)/(-17) + 37*2. Let k = h - 77. Calculate the greatest common divisor of 9 and k.
1
Let c = -29252 - -32924. What is the highest common factor of 952 and c?
136
Let d be 1/21 - (-377)/21. What is the highest common factor of d and 3258?
18
Let y(t) = 2*t**3 - 25*t**2 - 41*t + 106. Let n be y(14). What is the greatest common factor of 792 and n?
24
Suppose -25 = -3*w - 4. Let s(r) = -3*r + 40*r**2 - 10*r**2 - 10*r**2 - 17*r**2. Let f be s(w). What is the highest common divisor of f and 14?
14
Suppose 60*b + 1276 = 2836. What is the greatest common factor of 80 and b?
2
Let o be (26 + -1)*67298/385. What is the greatest common divisor of 114 and o?
38
Suppose -17*m - 108 = -20*m. Suppose -52*d = -55*d + m. Calculate the highest common divisor of d and 18.
6
Let z(o) = 8*o**2 + 2*o + 12. Suppose 89*r + 18 = 83*r. Let d be z(r). Calculate the highest common divisor of 12 and d.
6
Let i be (76/8)/(-3 + (-220)/(-72)). Let p = i + -131. What is the greatest common factor of p and 10?
10
Let m = 13 - -7. Let c(l) = l**2 + 1019*l - 4088. Let d be c(4). Calculate the greatest common factor of d and m.
4
Let h(f) = 2*f**2 + 12*f - 3. Let k be (-5)/((-5)/(-7)) + 1. Let m be h(k). Let t be 150/(-2)*m/(-6)*-2. What is the highest common divisor of t and 50?
25
Suppose 2*x - 3*c - 69 = 0, 0 = 2*x - 13*c + 12*c - 71. Let z be 1/3 + 8/3. Suppose 18 = z*u - x. Calculate the greatest common divisor of u and 12.
6
Suppose -5*t + 4*y = -41 - 229, 0 = 4*t - 3*y - 217. Calculate the highest common divisor of t and 5017.
29
Let n be ((-150)/60)/((-5)/394). Suppose 44 = 201*c - n*c. Calculate the highest common factor of 275 and c.
11
Suppose 0 = 2*t, 5*z + 7*t - 4180 = 11*t. What is the highest common factor of z and 95?
19
Suppose 688*q - 1378*q = -663*q - 2052. Calculate the highest common factor of 19 and q.
19
Let d(q) = 226*q - 151. Let z be d(1). What is the greatest common divisor of 9825 and z?
75
Suppose 494 = 3*y - 496. Suppose 347*v - 4*p + 106 = 352*v, -4*v